r?
False
Let w(v) = 198*v - 273. Is w(29) a prime number?
False
Suppose j = 21*j - 83240. Is j a prime number?
False
Let q(o) = -5*o**3 - 13*o - 4. Let m(k) = 6*k**3 + k**2 + 14*k + 5. Let t(h) = -6*m(h) - 7*q(h). Let p be t(-7). Is (6 - 0)/p + 92 composite?
False
Suppose n + 8 = 5*q, 2*q + 3 = 5*q. Let h be (-18)/27 + (-137)/n. Suppose -7*j = -2*j - h. Is j a prime number?
False
Let a(x) = -x**3 + 11*x**2 - 3*x - 6. Let r = 14 + -15. Let s = r - -10. Is a(s) composite?
True
Is (-114)/(-76) - (-1819)/2 a composite number?
False
Let l(y) = -106*y**3 + 2*y**2 + 2*y + 1. Let m be l(-1). Let i = 46 - 88. Let k = m + i. Is k prime?
False
Is 124/186 - (-140385)/9 prime?
False
Let t be 0*((-18)/8 + 2). Suppose -5*o + 2456 = 4*n, t*n + 2452 = 4*n + 4*o. Suppose 7*u - n = 4*u. Is u a prime number?
False
Suppose 0*a = -6*a - 5292. Is 3 - 6 - (a + 0) a prime number?
False
Is (4 + 49242/3)/(14/7) a composite number?
False
Let v(l) be the second derivative of 0 + 1/12*l**4 - 2*l - 11/10*l**5 + 0*l**3 - 3/2*l**2. Is v(-2) prime?
False
Suppose 161 = t - 27. Let y be (-12)/28 + t/14. Let v = y - -114. Is v a prime number?
True
Let i = -4878 + 1756. Is 2/((-2)/3*6/i) a composite number?
True
Suppose 3*r + 36 = -3*w, -3*r + 4*r = -4*w - 51. Let h = w + 48. Is h a prime number?
False
Let k(w) = w + 7. Let m be k(-5). Suppose 0 = -l - m*d + 45, 0*d - 110 = -2*l + d. Is l a prime number?
True
Suppose 6*z = 10*z - 2648. Let l = -121 + z. Is l prime?
True
Let k(d) = d**2 + 5*d + 8. Let o be k(-3). Suppose -3*r + o*b = -5887, -5*r = -3*b + b - 9809. Is r prime?
False
Let m(s) = 2*s**3 - 8*s**2 - 5*s + 4. Let i = 109 - 102. Is m(i) a prime number?
True
Let d(q) be the third derivative of 0*q + 3/8*q**4 + q**3 + 1/40*q**6 - 6*q**2 - 7/60*q**5 + 0. Is d(7) a prime number?
False
Let o(l) = -3*l + 16*l**2 + l + 3*l - 6 - 4*l. Suppose -3*w - 5*x = -30, -4*w - 3*x + 16 = -13. Is o(w) a prime number?
True
Suppose 0 = 3*n + 6, -n = 3*f - 0*n + 38. Let i = f + 12. Suppose -3*g + 556 + 5 = i. Is g prime?
False
Suppose -2*c - 24 = l - 5*l, 4*l = -2*c + 8. Is (2/l)/(2/1228) composite?
False
Is 227442/28 + (-26)/(-364) a composite number?
False
Let p be -3 - ((-6)/3 + -3). Let u be ((-4)/6)/(p/12). Is u*(-4)/(-8) - -1105 a prime number?
True
Let f(v) = -155*v + 13. Let i be f(-3). Let l = i + 439. Is l prime?
False
Let m(z) be the first derivative of -189*z**2/2 - 11*z - 8. Is m(-5) a prime number?
False
Suppose 125711 - 366732 = -11*p. Is p a prime number?
True
Suppose -w + r + 13668 = -9727, 4*w + 5*r - 93616 = 0. Is w a prime number?
True
Let w(i) = i**2 - 1. Let c(y) = y**3 + y - 4. Let p(s) = -c(s) + 6*w(s). Let h be p(6). Is 2/h + (-10425)/(-20) a composite number?
False
Suppose -4*d = -3*f - 31, 6*d - 27 = 3*d + 3*f. Suppose -3*j - a + 1312 = 0, -d*j + 9*a = 4*a - 1743. Is j a prime number?
False
Let q be (9 - 12)/(2/10). Is (-30)/12*3126/q composite?
False
Is (-66)/(-14) - 12/(-42) - -13116 a composite number?
False
Let a be (-8384)/(-14) - (-3)/21. Suppose -p = 2*l - 0*p - a, l = -p + 300. Is l composite?
True
Let v be (-6)/(7/(-22)*12/(-21)). Suppose 0 = -d + u + 1 + 45, -2*d = 2*u - 84. Let m = d - v. Is m a composite number?
True
Let b be -3 - (-3 - -2)*24 - 1. Let a = 97 - b. Is a composite?
True
Let z(p) = 4*p**3 + p + 7 - 10*p**2 + 3*p**3 - 6*p**3. Is z(12) composite?
False
Suppose s = 6*s - 20. Let y(b) = -3*b + b**2 + 11 + s*b + 2*b. Is y(10) a prime number?
False
Suppose -25294 = -2*b + 4*u, -3*b - 7*u + 6*u + 37927 = 0. Is b prime?
False
Suppose -5*b + 17 = -2*o, o - 23 = -3*b - o. Suppose b*r - 12 = 2*r. Suppose r*l + 99 - 415 = 0. Is l a composite number?
False
Let t = -509 + 816. Is t a prime number?
True
Suppose -1643 = -11*r + 315. Let y be (-659)/(-9) - (-2)/(-9). Let z = r + y. Is z a composite number?
False
Let v be (0/((-6)/(-2)))/(-1). Suppose v = -3*o - 2*y - 530, o + 107 = -3*y - 58. Let l = 259 + o. Is l composite?
False
Let h be 29/(-5) + 5 - 4/(-5). Suppose 3*z + h*z - 1473 = 0. Is z a composite number?
False
Suppose 2*w + 2642 = -5*d - 2222, -d - 976 = 2*w. Let k = 3125 + d. Is k prime?
True
Suppose -n = -2*n + 2. Suppose 0 = 3*m + 15, 3*x - 60 = -n*x + 3*m. Is 2/(-9) - (-3413)/x prime?
True
Let m(v) = v**2 + 23*v + 16. Let a be m(-23). Suppose 4*f - 252 = 4*l, -2*f + 3*l + 114 = -a. Is f a composite number?
False
Suppose -43*v = -26*v - 21743. Is v a prime number?
True
Suppose 38*s - 35*s - 7827 = 0. Is s prime?
True
Let n(u) = -u - 2. Let j be n(-2). Suppose x + 587 = 3*y, 3*y - 3*x + 7*x - 577 = j. Suppose -3*r + 78 = -y. Is r a composite number?
True
Let x(g) = 215*g**3 - 9*g**2 + 38*g - 9. Is x(5) prime?
False
Let s(p) = p**2 - 12*p + 1. Let h be s(12). Suppose -q + h = 0, -2*o - 4*q + 12 = -6*o. Is 3/o*(-56 + -6) composite?
True
Suppose -h + 2*k = 3*h + 8, 5 = h - 4*k. Is 0 - 3*h/9*3259 a composite number?
False
Let g(u) = 399*u + 2. Let s(l) = -200*l - 1. Let z(a) = 2*g(a) + 5*s(a). Is z(-4) composite?
True
Suppose w + w = 8. Suppose -1601 = -w*o + 267. Is o a composite number?
False
Let z(c) = c**3 + 24*c**2 - 31*c + 235. Is z(16) a prime number?
False
Let i = 3127 + 2442. Is i prime?
True
Is (-30465)/((-24)/8) - (-8)/4 a composite number?
True
Is 5 - ((-60)/(-5) - 902) composite?
True
Let y(w) = -347*w - 40. Is y(-7) a composite number?
False
Let b(j) = 52*j - 3. Let d be b(-1). Let n = 16 - d. Is n a composite number?
False
Let n(l) = 226*l + 75. Is n(7) prime?
True
Let b = -13 - -11. Let r be 1/(18/(-10) - b). Suppose -1148 = x - r*x. Is x a composite number?
True
Let l = -648 - -1350. Suppose -3*t + 3*q + l = 0, 3*t - 4*q - 136 = 563. Is t composite?
True
Let n(i) = -222*i**3 + 2*i**2 - 17*i - 85. Is n(-8) a prime number?
True
Let h be (-1)/3 - 32/(-6). Let o = 965 - 481. Suppose 4*p - o = -4*c - 0*c, -h*c + p + 587 = 0. Is c composite?
True
Let b(s) = s**2 - 2*s + 40. Let v be b(0). Let d = 263 - v. Is d composite?
False
Let h(p) = 13*p**2 - p - 343. Is h(40) a prime number?
False
Is ((-5)/3 + 1)/((-12)/19566) composite?
False
Suppose 0 = -2*d + 14 + 22. Suppose -257 = d*o - 19*o. Is o composite?
False
Is (-13749)/(-15) + (-1 - (-7)/5) prime?
False
Suppose -2 = -m + 1. Let i(s) = -s**3 + 13*s**2 + 38*s - 11. Let r be i(15). Suppose -r = -m*c + 425. Is c prime?
False
Let w(b) be the second derivative of b**4/4 + 3*b**3/2 + 17*b**2/2 - 12*b. Is w(9) prime?
False
Let i = 41 + -36. Suppose 4*n - 3731 = -n + 4*s, -5*n - i*s = -3695. Is n prime?
True
Let w be (6/(-4))/((-6)/(-1208)). Let u = -126 - w. Is u/4 + (-1)/1 a composite number?
False
Let f be 2/2*-1*(-5 - -1). Suppose 3*v - f*k - 249 = 0, v - 6*v + 432 = -k. Is v a prime number?
False
Suppose 458 = -5*r + 4*g - 6779, -3*g = 5*r + 7251. Let z = r - -2366. Is z a prime number?
False
Let z = -19 - -17. Let q be (2/z)/(2/10). Is 313*(-10)/q + -3 composite?
True
Let f be (-1 + 0)/(5/(-25)). Suppose f*l = -5*i + 10440, 4*i - 8337 = l - 0*l. Suppose -2*t = -i + 503. Is t a prime number?
False
Let t be 8*4*4/64. Suppose i - t*i = -5*g - 1624, 5*i - 20 = 0. Is 6/10 + g/(-10) prime?
False
Suppose 4*n - 13 = j, -n = 3*n + 4*j - 8. Suppose n*y - 32 = -5. Is (333/y)/(2/10) a composite number?
True
Suppose 0 = -4*r - 5*v + 16789, -6*r = -11*r + 5*v + 21020. Is r a prime number?
True
Suppose -k - 5*s = -49, 2*s = -k + 4*s + 77. Let g = k + -38. Is g a prime number?
True
Suppose 4*d - 5*l - 23548 - 61533 = 0, -2*d - 2*l + 42536 = 0. Is d prime?
True
Suppose 0*w - 260 = -4*w + 4*n, -4*w = -5*n - 262. Suppose 62*o + 583 = w*o. Is o a composite number?
True
Let c(r) = 3*r - 26. Let u be c(10). Is (24378/(-255))/(1*u/(-10)) a composite number?
False
Suppose 4*x - 911 + 3403 = 0. Let k = -390 - x. Is k a composite number?
False
Let p(s) = -s**3 + 18*s + 22. Let d be p(-6). Suppose -4*b = -2*b + 5*y + 161, 4*b + 3*y + 357 = 0. Let g = d + b. Is g composite?
False
Is -5354*((-667)/174 + (-2)/(-6)) prime?
False
Let u(q) = 11*q**3 - 4*q**2 - 11*q + 33. Is u(16) prime?
True
Let x(y) = 167*y - 577. Is x(70) a prime number?
True
Let t = -3 + 4. Suppose 261 = -5*d - 404. Is t/(((-4)/d)/4) prime?
False
Suppose q + 4*i - 3 = 17, 25 = -2*q + 5*i. Suppose q = 4*z + 115 - 19. Let s = z - -91. Is s composite?
False
Let q = -15046 + 23543. Is q a composite number?
True
Let c(r) = 2251*r + 464. Is c(30) a compos